Resums mensuals estil NOAA

 

Selecciona un any o mes per veure el resum
2021 > Gen Feb Mar Abr Mai Jun Jul Ago Set Oct Nov Des
2020 > Gen Feb Mar Abr Mai Jun Jul Ago Set Oct Nov Des

Report for 2021 Abr
                   Monthly Climatological Summary for abr. 2021

Name: Pere Almendárez   City: L'Arboç   State: Catalunya
Elevation: 155 m  Lat: N 41° 15' 51"   Lon: E 001° 36' 10"

                  Temperature (°C), Rain (mm), Wind Speed (km/h)

                                      Heat  Cool        Avg
    Mean                              Deg   Deg         Wind                 Dom
Day Temp  High   Time   Low    Time   Days  Days  Rain  Speed High   Time    Dir
----------------------------------------------------------------------------------
01  13,4  21,1   12:58   6,9   08:04   5,2   0,3   0,0   6,2  29,0   15:48     E
02  15,5  21,3   12:47  10,3   06:48   3,4   0,6   0,0   6,2  32,2   15:37    SE
03  16,4  23,9   13:14  10,4   06:00   3,2   1,3   8,8   3,3  30,6   13:32   SSE
04  13,4  18,9   13:35  10,1   04:39   4,9   0,0   0,8   2,7  20,9   13:37   SSE
05  13,9  20,4   13:17   9,2   04:17   4,6   0,2   0,0   2,2  27,4   14:57   SSE
06  12,9  18,5   12:54   9,0   07:35   5,4   0,0   0,0   6,5  40,2   14:48   SSE
07  10,8  14,2   13:32   7,6   08:28   7,5   0,0   0,0   5,7  35,4   15:31     S
08  11,0  15,3   14:30   7,2   07:34   7,3   0,0   0,0   2,7  35,4   13:53     S
09   9,9  13,3   16:29   6,4   04:33   8,4   0,0   1,0   4,8  27,4   18:41   ESE
10  11,4  13,4   14:22   9,3   07:34   6,9   0,0   0,0   1,4  12,9   10:05    NE
11  12,7  15,9   15:09  10,6   01:38   5,6   0,0   1,0   1,2  20,9   14:24   SSW
12  11,9  18,2   14:46   7,1   08:40   6,4   0,0   1,3   4,0  30,6   16:48   SSW
----------------------------------------------------------------------------------
    12,8  23,9     3     6,4     9    68,8   2,4  12,9   3,9  40,2     6      SE

Max >=  30,0  0
Max <=   0,0  0
Min <=   0,0  0
Min <=   0,0  0
Max Rain: 8,8 on day 3
Days of Rain: 4 (>= 1,0 mm)  1 (>= 5,0 mm)  0 (>= 20,0 mm)
Heat Base: 18,3  Cool Base: 18,3  Method: Integration